128?
121
In base 2, what is -10 - -1100001?
1011111
In base 5, what is 1 - 1230?
-1224
In base 8, what is -2 - -75?
73
In base 4, what is -112223 + 0?
-112223
In base 11, what is -6 + -116?
-121
In base 10, what is -3 + -1772?
-1775
In base 8, what is -143 - -3?
-140
In base 5, what is 14222 + -1?
14221
In base 2, what is 0 - -1110?
1110
In base 8, what is -42056 + -1?
-42057
In base 8, what is 5005 + -1?
5004
In base 4, what is -23 + 301?
212
In base 4, what is 131 + 102?
233
In base 2, what is 100100 - 10100?
10000
In base 7, what is -4 + -60?
-64
In base 5, what is -303 + -4?
-312
In base 11, what is 2a - 7?
23
In base 8, what is 3 - 145?
-142
In base 4, what is 2303 + -212?
2031
In base 6, what is -41 - -325?
244
In base 10, what is 95 - 26?
69
In base 16, what is -4 + 58?
54
In base 7, what is -13510 - -5?
-13502
In base 15, what is 71 + -5?
6b
In base 3, what is -1121 + 11210?
10012
In base 15, what is 29 + 7?
31
In base 16, what is -2 + -246?
-248
In base 13, what is 330 + -1c?
311
In base 13, what is -2 - 6b?
-70
In base 11, what is -207 - 11?
-218
In base 14, what is -2 - 78?
-7a
In base 7, what is 3 + -5162?
-5156
In base 3, what is -210020102 + -10?
-210020112
In base 14, what is -3 + 120?
11b
In base 5, what is 3 + -2222?
-2214
In base 15, what is -35 - 5?
-3a
In base 6, what is 40242 + 3?
40245
In base 7, what is -1 + 502?
501
In base 9, what is 30 + -4?
25
In base 13, what is -8 + -1?
-9
In base 8, what is 14 + -427?
-413
In base 8, what is 7 - -3?
12
In base 13, what is -32a - -4?
-326
In base 6, what is 3 - -2315?
2322
In base 9, what is -4 - 346?
-351
In base 8, what is 763 + 1?
764
In base 14, what is 3 - 3c?
-39
In base 5, what is 10 + -140?
-130
In base 3, what is -111 - -101?
-10
In base 12, what is 5 - 465?
-460
In base 6, what is 4 - -142?
150
In base 10, what is -20 - -4?
-16
In base 3, what is -112011 - 0?
-112011
In base 13, what is -5568 + 2?
-5566
In base 12, what is -3 + 32b?
328
In base 2, what is 1110 - -101110000100?
101110010010
In base 6, what is 2 - 4540?
-4534
In base 16, what is -190 - 4?
-194
In base 11, what is -831 - -1?
-830
In base 15, what is 9 + -2?
7
In base 15, what is 4 + 2a?
2e
In base 14, what is -5 - -72?
6b
In base 10, what is -3 - 1915?
-1918
In base 8, what is 4 + -747?
-743
In base 12, what is 1 + -119?
-118
In base 11, what is 3267 - -7?
3273
In base 7, what is 2036 + 4?
2043
In base 7, what is -13250 - -3?
-13244
In base 11, what is 3 - -20?
23
In base 6, what is 4 + 42?
50
In base 8, what is -10 + 24?
14
In base 9, what is -3 - 42?
-45
In base 14, what is 232 - -5?
237
In base 9, what is 5 + 1714?
1720
In base 2, what is -1011110010 + 10?
-1011110000
In base 8, what is -2 + -2312?
-2314
In base 14, what is b - 105a?
-104d
In base 4, what is 220 - 1311?
-1031
In base 13, what is -5 + 2922?
291a
In base 4, what is 3 + 201302?
201311
In base 4, what is 1 + 103121?
103122
In base 2, what is 1111011110 + 11?
1111100001
In base 11, what is -46 + 12?
-34
In base 8, what is 0 - -53?
53
In base 3, what is -10 - 2021012?
-2021022
In base 16, what is -2 - -111?
10f
In base 13, what is 453 + 0?
453
In base 5, what is -104343 + -10?
-104403
In base 4, what is -10 - 12133?
-12203
In base 13, what is -2 - 8c9?
-8cb
In base 15, what is 14 + 50?
64
In base 3, what is -201 - 1202?
-2110
In base 4, what is -1 + 113?
112
In base 12, what is -13 + 8?
-7
In base 15, what is 1be - -4?
1c3
In base 10, what is -29 + 273?
244
In base 4, what is -10 - -3320?
3310
In base 14, what is 2a13 - -4?
2a17
In base 15, what is 8a1 + 4?
8a5
In base 12, what is -1a - 2?
-20
In base 8, what is 4 + -101?
-75
In base 9, what is -1 + -15?
-16
In base 5, what is 1044 + -1?
1043
In base 16, what is -236 + 3?
-233
In base 16, what is 0 - 16?
-16
In base 13, what is 4 + 4?
8
In base 3, what is 22001010 + 0?
22001010
In base 15, what is -4 - 53?
-57
In base 9, what is 6 - -1466?
1473
In base 6, what is 10 + -240?
-230
In base 2, what is 111110 - -11001?
1010111
In base 13, what is -c6 - 4?
-ca
In base 15, what is 3 - -45b?
45e
In base 9, what is 5 + -4086?
-4081
In base 11, what is -3 + -109?
-111
In base 3, what is -2 + 22121?
22112
In base 7, what is 4 - 1144?
-1140
In base 14, what is -5 - -16?
11
In base 10, what is -1369 + -3?
-1372
In base 2, what is -1001000 - 1?
-1001001
In base 5, what is -11 - 121042?
-121103
In base 12, what is -69 + -62?
-10b
In base 2, what is -11 - 1001110?
-1010001
In base 15, what is 8 - -14b?
154
In base 14, what is 4d7 - -1?
4d8
In base 14, what is a49 + -5?
a44
In base 4, what is -1110 - -103?
-1001
In base 8, what is -12 + -46?
-60
In base 6, what is 5 + 141?
150
In base 8, what is -1 - -2756?
2755
In base 9, what is -165 - -2?
-163
In base 13, what is -2ba + 16?
-2a4
In base 14, what is -5240 + 4?
-523a
In base 6, what is 15 + -251?
-232
In base 12, what is 2891 - 5?
2888
In base 4, what is 3 - -220?
223
In base 5, what is -201 - -3?
-143
In base 4, what is 2332 - 10?
2322
In base 14, what is 67 + -5?
62
In base 10, what is 1171 + 4?
1175
In base 5, what is -2341 + -3?
-2344
In base 14, what is -5 + -a3d?
-a44
In base 6, what is 14 - -202?
220
In base 2, what is -1110010111 + 1?
-1110010110
In base 14, what is 3 - -c2?
c5
In base 12, what is -66 - -5?
-61
In base 16, what is 28 + 4?
2c
In base 7, what is 40 + 3?
43
In base 16, what is 3c + -4?
38
In base 16, what is -3 - 27?
-2a
In base 15, what is -35 + -18?
-4d
In base 7, what is -1146 + 21?
-1125
In base 14, what is -4 - -2a2?
29c
In base 16, what is -2 + -67?
-69
In base 3, what is 12 - -11021010?
11021022
In base 16, what is -22f + -3?
-232
In base 15, what is 37 - b?
2b
In base 12, what is 4 + -7?
-3
In base 16, what is -4 + -75?
-79
In base 3, what is 102111 - 221?
101120
In base 7, what is -10 - 1?
-11
In base 13, what is 13 - 2a?
-17
In base 15, what is -5 - 21?
-26
In base 12, what is -5b09 + -3?
-5b10
In base 16, what is -12 - -4?
-e
In base 3, what is 1010 + -1?
1002
In base 7, what is -26 - -104?
45
In base 3, what is -10011 + -2?
-10020
In base 7, what is 15226 + 5?
15234
In base 3, what is -12210 - 11?
-12221
In base 7, what is -6 + 1?
-5
In base 6, what is 105 - 1?
104
In base 8, what is -13 - -26?
13
In base 6, what is 11 - -4551?
5002
In base 10, what is -6 + 1587?
1581
In base 13, what is 1 + -19b?
-19a
In base 13, what is 6474 - 0?
6474
In base 15, what is 0 - 23c?
-23c
In base 3, what is -12002110 + 12?
-12002021
In base 8, what is 37 - 32?
5
In base 2, what is 0 - 11100?
-11100
In base 4, what is -201323 + 3?
-201320
In base 11, what is 7027 - -4?
7030
In base 7, what is 5005 - 12?
4663
In base 10, what is -4 - 871?
-875
In base 5, what is 210013 + -4?
210004
In base 7, what is -1 - -16121?
16120
In base 14, what is 376 + -15?
361
In base 2, what is 1100 - -11?
1111
In base 8, what is 4 + 143?
147
In base 7, what is 3 - -120?
123
In base 16, what is -42 + -3?
-45
In base 3, what is 221211 - -11?
221222
In base 6, what is -2404 + 41?
-2323
In base 16, what is -3 + 76?
73
In base 14, what is 71a + -2?
718
In base 2, what is 1011010 + -100?
1010110
In base 5, what is 4203010 + 1?
4203011
In base 4, what is 122 + -113?
3
In base 8, what is 15 + 41?
56
In base 7, what is 5 + 4303?
4311
In base 3, what is -1000100 - 10?
-1000110
In base 3, what is -122101 - 12?
-122120
In base 9, what is -38 - 85?
-134
In base 2, what is -1000111010 - 1111?
-1001001001
In base 8, what is -4 + 117?
113
In base 4, what is 123 - -2?
131
In base 12, what is -1a - -5?
-15
In base 5, what is 13 + -310?
-242
In base 6, what is -3 + -3333?
-3340
In base 14, what is 3 + b53?
b56
In base 14, what is -2 + 5?
3
In base 10, what is -8 + -49?
-57
In base 2, what is -100 + 101110?
101010
In base 16, what is -1 + -5e?
-5f
In base 9, what is -30 + 14?
-15
In base 15, what is 2 + -8?
-6
In base 15, what is 25 - 1b?
9
In base 13, what is 18 - -12?
2a
In base 13, what is -1 - 31?
-32
In base 2, what is -1100010000 - 110?
-1100010110
In base 13, what is -86b4 + 1?
-86b3
In base 14, what is -135 + -2?
-137
In base 16, what is -62 + -6?
-68
In base 13, what is -1 - -a11?
a10
In base 11, what is -1aa + -1?
-200
In base 4, what is 313 - -21?
1000
In base 12, what is -5 - -ba0?
b97
In base 15, what is 4 + 83?
87
In base 8, what is -3 - 136?
-141
In base 13, what is 44